{"id":10012,"date":"2026-04-14T09:06:43","date_gmt":"2026-04-14T09:06:43","guid":{"rendered":""},"modified":"2026-04-14T09:06:43","modified_gmt":"2026-04-14T09:06:43","slug":"o-nas","status":"publish","type":"page","link":"https:\/\/www.fazele.eu\/?page_id=10012","title":{"rendered":"O nas"},"content":{"rendered":"<h2>O nas<\/h2>\n<p><strong>fazele.eu<\/strong> to sklep specjalizuj\u0105cy si\u0119 w urz\u0105dzeniach bezpiecze\u0144stwa i nadzoru &#8211; kamer CCTV, system\u00f3w monitoringu oraz akcesori\u00f3w.<\/p>\n<h3>O Firmie<\/h3>\n<p>Jeste\u015bmy dostawc\u0105 profesjonalnych rozwi\u0105za\u0144 do nadzoru i ochrony mienia. Nasze produkty pochodz\u0105 od sprawdzonych producent\u00f3w i s\u0105 dost\u0119pne w atrakcyjnych cenach.<\/p>\n<h3>Nasze Warto\u015bci<\/h3>\n<ul>\n<li><strong>Jako\u015b\u0107:<\/strong> Oferujemy tylko produkty od sprawdzonych marek<\/li>\n<li><strong>Obs\u0142uga:<\/strong> Profesjonalne doradztwo i wsparcie dla naszych klient\u00f3w<\/li>\n<li><strong>Cena:<\/strong> Konkurencyjne ceny na rynku<\/li>\n<li><strong>Dostawa:<\/strong> Szybka i niezawodna dostawa na terenie Polski<\/li>\n<\/ul>\n<h3>Zainteresowany?<\/h3>\n<p>Sprawd\u017a nasz\u0105 ofert\u0119 produkt\u00f3w lub <a href=\"\/kontakt\/\">skontaktuj si\u0119 z nami<\/a>.<\/p>\n","protected":false},"excerpt":{"rendered":"<p>Dowiedz si\u0119 wi\u0119cej o naszej firmie<\/p>\n","protected":false},"author":1,"featured_media":0,"parent":0,"menu_order":0,"comment_status":"closed","ping_status":"closed","template":"","meta":{"site-sidebar-layout":"default","site-content-layout":"","ast-site-content-layout":"default","site-content-style":"default","site-sidebar-style":"default","ast-global-header-display":"","ast-banner-title-visibility":"","ast-main-header-display":"","ast-hfb-above-header-display":"","ast-hfb-below-header-display":"","ast-hfb-mobile-header-display":"","site-post-title":"","ast-breadcrumbs-content":"","ast-featured-img":"","footer-sml-layout":"","ast-disable-related-posts":"","theme-transparent-header-meta":"","adv-header-id-meta":"","stick-header-meta":"","header-above-stick-meta":"","header-main-stick-meta":"","header-below-stick-meta":"","astra-migrate-meta-layouts":"default","ast-page-background-enabled":"default","ast-page-background-meta":{"desktop":{"background-color":"var(--ast-global-color-5)","background-image":"","background-repeat":"repeat","background-position":"center center","background-size":"auto","background-attachment":"scroll","background-type":"","background-media":"","overlay-type":"","overlay-color":"","overlay-opacity":"","overlay-gradient":""},"tablet":{"background-color":"","background-image":"","background-repeat":"repeat","background-position":"center center","background-size":"auto","background-attachment":"scroll","background-type":"","background-media":"","overlay-type":"","overlay-color":"","overlay-opacity":"","overlay-gradient":""},"mobile":{"background-color":"","background-image":"","background-repeat":"repeat","background-position":"center center","background-size":"auto","background-attachment":"scroll","background-type":"","background-media":"","overlay-type":"","overlay-color":"","overlay-opacity":"","overlay-gradient":""}},"ast-content-background-meta":{"desktop":{"background-color":"var(--ast-global-color-4)","background-image":"","background-repeat":"repeat","background-position":"center center","background-size":"auto","background-attachment":"scroll","background-type":"","background-media":"","overlay-type":"","overlay-color":"","overlay-opacity":"","overlay-gradient":""},"tablet":{"background-color":"var(--ast-global-color-4)","background-image":"","background-repeat":"repeat","background-position":"center center","background-size":"auto","background-attachment":"scroll","background-type":"","background-media":"","overlay-type":"","overlay-color":"","overlay-opacity":"","overlay-gradient":""},"mobile":{"background-color":"var(--ast-global-color-4)","background-image":"","background-repeat":"repeat","background-position":"center center","background-size":"auto","background-attachment":"scroll","background-type":"","background-media":"","overlay-type":"","overlay-color":"","overlay-opacity":"","overlay-gradient":""}},"footnotes":""},"class_list":["post-10012","page","type-page","status-publish","hentry"],"jetpack_sharing_enabled":true,"_links":{"self":[{"href":"https:\/\/www.fazele.eu\/index.php?rest_route=\/wp\/v2\/pages\/10012","targetHints":{"allow":["GET"]}}],"collection":[{"href":"https:\/\/www.fazele.eu\/index.php?rest_route=\/wp\/v2\/pages"}],"about":[{"href":"https:\/\/www.fazele.eu\/index.php?rest_route=\/wp\/v2\/types\/page"}],"author":[{"embeddable":true,"href":"https:\/\/www.fazele.eu\/index.php?rest_route=\/wp\/v2\/users\/1"}],"replies":[{"embeddable":true,"href":"https:\/\/www.fazele.eu\/index.php?rest_route=%2Fwp%2Fv2%2Fcomments&post=10012"}],"version-history":[{"count":0,"href":"https:\/\/www.fazele.eu\/index.php?rest_route=\/wp\/v2\/pages\/10012\/revisions"}],"wp:attachment":[{"href":"https:\/\/www.fazele.eu\/index.php?rest_route=%2Fwp%2Fv2%2Fmedia&parent=10012"}],"curies":[{"name":"wp","href":"https:\/\/api.w.org\/{rel}","templated":true}]}}